nds digit of 4367346560?
6
What is the ten thousands digit of 918672475?
7
What is the hundred millions digit of 128311485?
1
What is the thousands digit of 57993822?
3
What is the units digit of 50142468?
8
What is the hundreds digit of 92921169?
1
What is the units digit of 27534460?
0
What is the hundred thousands digit of 265005888?
0
What is the hundred thousands digit of 437419366?
4
What is the millions digit of 404628066?
4
What is the units digit of 2061600085?
5
What is the tens digit of 195089799?
9
What is the hundred thousands digit of 900051478?
0
What is the ten millions digit of 27945231?
2
What is the hundreds digit of 324704099?
0
What is the ten thousands digit of 5097531995?
3
What is the hundreds digit of 1436177320?
3
What is the millions digit of 29838998?
9
What is the thousands digit of 5490139131?
9
What is the units digit of 1483222025?
5
What is the tens digit of 657852152?
5
What is the thousands digit of 4180419872?
9
What is the ten millions digit of 41059332?
4
What is the ten millions digit of 301612147?
0
What is the tens digit of 2885724990?
9
What is the thousands digit of 154720428?
0
What is the hundred thousands digit of 46005887?
0
What is the thousands digit of 7208522945?
2
What is the thousands digit of 44406445?
6
What is the millions digit of 19907041?
9
What is the tens digit of 1989567309?
0
What is the hundred thousands digit of 137008047?
0
What is the millions digit of 2164950632?
4
What is the units digit of 94914573?
3
What is the ten thousands digit of 78410251?
1
What is the ten millions digit of 99015399?
9
What is the hundred thousands digit of 69941845?
9
What is the units digit of 779967380?
0
What is the hundred millions digit of 498651034?
4
What is the hundreds digit of 393294925?
9
What is the hundreds digit of 55782448?
4
What is the hundreds digit of 1207408620?
6
What is the ten thousands digit of 598904369?
0
What is the thousands digit of 1872333449?
3
What is the hundreds digit of 600468546?
5
What is the hundreds digit of 735981270?
2
What is the millions digit of 40535833?
0
What is the tens digit of 206546456?
5
What is the ten thousands digit of 95521101?
2
What is the thousands digit of 539909602?
9
What is the ten thousands digit of 349382620?
8
What is the tens digit of 125564155?
5
What is the millions digit of 273173989?
3
What is the hundred thousands digit of 615750649?
7
What is the hundred thousands digit of 82857893?
8
What is the ten thousands digit of 1738532473?
3
What is the tens digit of 1120174135?
3
What is the hundred millions digit of 477146608?
4
What is the thousands digit of 114202805?
2
What is the hundreds digit of 60378150?
1
What is the millions digit of 112286649?
2
What is the millions digit of 1771802047?
1
What is the ten millions digit of 2088679302?
8
What is the hundreds digit of 2167266554?
5
What is the ten thousands digit of 691463104?
6
What is the hundred thousands digit of 1526441499?
4
What is the millions digit of 621201580?
1
What is the thousands digit of 39762912?
2
What is the tens digit of 97539696?
9
What is the hundreds digit of 71460425?
4
What is the tens digit of 6252821091?
9
What is the hundred millions digit of 183133828?
1
What is the millions digit of 5737872416?
7
What is the thousands digit of 240845141?
5
What is the units digit of 31827172?
2
What is the millions digit of 316885928?
6
What is the ten millions digit of 1180655137?
8
What is the hundreds digit of 233334440?
4
What is the units digit of 133590715?
5
What is the hundred thousands digit of 552816349?
8
What is the thousands digit of 1627666647?
6
What is the ten thousands digit of 3713333493?
3
What is the units digit of 787733407?
7
What is the units digit of 4819056330?
0
What is the millions digit of 2621407?
2
What is the units digit of 122400266?
6
What is the hundreds digit of 12093471?
4
What is the ten millions digit of 16510928?
1
What is the thousands digit of 5208701583?
1
What is the ten thousands digit of 162326594?
2
What is the hundred thousands digit of 6315120205?
1
What is the tens digit of 2919310049?
4
What is the ten millions digit of 59255418?
5
What is the billions digit of 3503852311?
3
What is the millions digit of 115482140?
5
What is the hundred thousands digit of 58365790?
3
What is the thousands digit of 106655927?
5
What is the ten thousands digit of 3853323482?
2
What is the tens digit of 3780272046?
4
What is the millions digit of 65850764?
5
What is the millions digit of 33046882?
3
What is the units digit of 849282100?
0
What is the hundred thousands digit of 299889177?
8
What is the hundred thousands digit of 276699089?
6
What is the ten millions digit of 264610320?
6
What is the units digit of 55737069?
9
What is the hundred thousands digit of 95904897?
9
What is the hundreds digit of 92699065?
0
What is the tens digit of 963179394?
9
What is the units digit of 200362048?
8
What is the ten thousands digit of 101618453?
1
What is the hundred thousands digit of 136004403?
0
What is the millions digit of 1457246533?
7
What is the units digit of 235019989?
9
What is the tens digit of 234734600?
0
What is the units digit of 73576518?
8
What is the ten millions digit of 160777301?
6
What is the thousands digit of 167544257?
4
What is the ten millions digit of 157972867?
5
What is the ten millions digit of 554486282?
5
What is the millions digit of 64359277?
4
What is the tens digit of 350922529?
2
What is the hundred thousands digit of 9121958?
1
What is the ten millions digit of 84805763?
8
What is the hundred thousands digit of 186488839?
4
What is the ten millions digit of 34042324?
3
What is the hundred millions digit of 2754902472?
7
What is the hundred millions digit of 189332607?
1
What is the hundred thousands digit of 2964471294?
4
What is the millions digit of 127421739?
7
What is the units digit of 371775063?
3
What is the hundreds digit of 698173533?
5
What is the ten millions digit of 1578917606?
7
What is the ten millions digit of 151984109?
5
What is the hundred millions digit of 153598202?
1
What is the billions digit of 1128802882?
1
What is the hundred millions digit of 127863427?
1
What is the hundreds digit of 947950099?
0
What is the thousands digit of 914047732?
7
What is the ten millions digit of 1715048008?
1
What is the units digit of 255171269?
9
What is the ten millions digit of 12659911?
1
What is the ten thousands digit of 127740392?
4
What is the units digit of 495913445?
5
What is the hundreds digit of 739207837?
8
What is the millions digit of 353090638?
3
What is the millions digit of 1135246087?
5
What is the millions digit of 112272700?
2
What is the units digit of 65057326?
6
What is the tens digit of 2562480987?
8
What is the tens digit of 439743387?
8
What is the hundred thousands digit of 433017222?
0
What is the ten thousands digit of 1114761446?
6
What is the tens digit of 7885161?
6
What is the hundred millions digit of 176442837?
1
What is the thousands digit of 1088339079?
9
What is the units digit of 277481341?
1
What is the hundred millions digit of 121938589?
1
What is the hundred thousands digit of 35204113?
2
What is the hundreds digit of 504249105?
1
What is the tens digit of 1199733849?
4
What is the hundred thousands digit of 177352966?
3
What is the millions digit of 6244023619?
4
What is the millions digit of 76495374?
6
What is the hundred thousands digit of 288307481?
3
What is the tens digit of 612066921?
2
What is the thousands digit of 91702971?
2
What is the thousands digit of 18748416?
8
What is the hundreds digit of 5588991?
9
What is the ten thousands digit of 405382221?
8
What is the hundred thousands digit of 6184369?
1
What is the billions digit of 1557875889?
1
What is the thousands digit of 550980919?
0
What is the millions digit of 7595207217?
5
What is the hundreds digit of 1014963714?
7
What is the thousands digit of 3082566725?
6
What is the ten millions digit of 15593284?
1
What is the ten millions digit of 190864390?
9
What is the hundreds digit of 23015643?
6
What is the ten thousands digit of 1340515702?
1
What is the hundreds digit of 5508447?
4
What is the hundreds digit of 818342242?
2
What is the tens digit of 1994941763?
6
What is the tho